{"id":422,"date":"2025-03-24T23:12:59","date_gmt":"2025-03-24T23:12:59","guid":{"rendered":"https:\/\/clinicaginer.com\/?page_id=422"},"modified":"2025-03-24T23:12:59","modified_gmt":"2025-03-24T23:12:59","slug":"politica-de-cookies","status":"publish","type":"page","link":"https:\/\/clinicaginer.com\/index.php\/politica-de-cookies\/","title":{"rendered":"Pol\u00edtica de  Cookies"},"content":{"rendered":"\n<h2 class=\"wp-block-heading\">Cl\u00ednica Giner<\/h2>\n\n\n\n<p>Responsable: Cl\u00ednica Giner<\/p>\n\n\n\n<p>Delegat de Protecci\u00f3 de Dades: dpo@audiconsecurity.com<\/p>\n\n\n\n<p>En compliment de la Llei 34\/2002, de 11 de juliol, de serveis de la societat de la informaci\u00f3 i de comer\u00e7 electr\u00f2nic (LSSICE), en relaci\u00f3 amb el Reglament (UE) 2016\/679 del Parlament Europeu i del Consell, de 27 d&#8217;abril del 2016, (d&#8217;ara endavant, RGPD) i la Llei Org\u00e0nica 3\/2018, del 5 de desembre, de Protecci\u00f3 de Dades i garantia dels drets digitals (d&#8217;ara endavant, LOPD-GDD) us informem que, www.clinicaginer.com utilitza cookies i tecnologies similars d&#8217;emmagatzematge i recuperaci\u00f3 d&#8217;informaci\u00f3 amb l&#8217;objectiu de garantir l&#8217;acc\u00e9s a determinades funcionalitats i, addicionalment, millorar la qualitat del lloc web d&#8217;acord amb els h\u00e0bits i l&#8217;estil de navegaci\u00f3 dels usuaris.<\/p>\n\n\n\n<p>Qu\u00e8 s\u00f3n les galetes?<\/p>\n\n\n\n<p>Les cookies s\u00f3n petits arxius que algunes plataformes, com les p\u00e0gines web, poden instal\u00b7lar al seu ordinador, tel\u00e8fon intel\u00b7ligent, tauleta o televisi\u00f3 connectada. Les seves funcions poden ser molt variades: emmagatzemar les seves prefer\u00e8ncies de navegaci\u00f3, recopilar informaci\u00f3 estad\u00edstica, permetre certes funcionalitats t\u00e8cniques, etc\u00e8tera. De vegades, les galetes s&#8217;utilitzen per emmagatzemar informaci\u00f3 b\u00e0sica sobre els h\u00e0bits de navegaci\u00f3 de l&#8217;usuari o del seu equip, fins al punt, segons els casos, de poder recon\u00e8ixer-ho.<\/p>\n\n\n\n<p>Per a qu\u00e8 les utilitzem?<\/p>\n\n\n\n<p>Aquest lloc web, a l&#8217;igual que la majoria de llocs web a Internet, utilitza cookies per millorar l&#8217;experi\u00e8ncia de l&#8217;usuari. A continuaci\u00f3, trobareu informaci\u00f3 sobre qu\u00e8 s\u00f3n les galetes, quin tipus de cookies utilitza aquest portal, com pot desactivar les cookies en el seu navegador i com desactivar espec\u00edficament la instal\u00b7laci\u00f3 de les galetes de tercers.<\/p>\n\n\n\n<p>Per qu\u00e8 s\u00f3n importants?<\/p>\n\n\n\n<p>Les cookies s\u00f3n \u00fatils per a diversos motius. Des d&#8217;un punt de vista t\u00e8cnic, permeten que les p\u00e0gines web funcionin de forma m\u00e9s \u00e0gil i adaptada a les seves prefer\u00e8ncies, com ara emmagatzemar el seu idioma o la moneda del seu pa\u00eds. A m\u00e9s, ajuden els responsables dels llocs web a millorar els serveis que ofereixen, gr\u00e0cies a la informaci\u00f3 estad\u00edstica que recullen a trav\u00e9s d&#8217;elles.<\/p>\n\n\n\n<p>Tipologia, Finalitat i Funcionament de les Cookies<\/p>\n\n\n\n<p>Les cookies, en funci\u00f3 de la seva perman\u00e8ncia, poden dividir-se en cookies de sessi\u00f3 o permanents. Les primeres expiren quan l&#8217;usuari tanca el navegador. Les segones expiren en funci\u00f3 quan es compleixi l&#8217;objectiu per al qual serveixen (per exemple, perqu\u00e8 l&#8217;usuari es mantingui identificat a les p\u00e0gines de www.clinicaginer.com) o b\u00e9 quan s&#8217;esborren manualment.<\/p>\n\n\n\n<p>Addicionalment, en funci\u00f3 del seu objectiu, les cookies pots classificar-se de la seg\u00fcent manera:<\/p>\n\n\n\n<p>Cookies de Rendiment: Aquest tipus de cookie recorda les teves prefer\u00e8ncies per a les eines que es troben a les p\u00e0gines, de manera que no has de tornar a configurar cada vegada que la visites. A tall d&#8217;exemple, en aquesta tipologia s&#8217;inclouen:<\/p>\n\n\n\n<p>\u00fc Ajustaments de volum de reproductors de v\u00eddeo o so.<\/p>\n\n\n\n<p>\u00fc Les velocitats de transmissi\u00f3 de v\u00eddeo compatibles amb el seu navegador.<\/p>\n\n\n\n<p>Cookies de Geolocalitzaci\u00f3: Aquestes cookies s\u00f3n utilitzades per esbrinar en quin pa\u00eds et trobes quan es navega per la web. Aquesta cookie \u00e9s totalment an\u00f2nima, i nom\u00e9s s&#8217;utilitza per ajudar a orientar el contingut a la teva ubicaci\u00f3.<\/p>\n\n\n\n<p>Cookies de Registre: Les cookies de registre es generen un cop que l&#8217;usuari s&#8217;ha registrat o posteriorment ha obert la sessi\u00f3, i s&#8217;utilitzen per identificar-lo en les p\u00e0gines amb els seg\u00fcents objectius:<\/p>\n\n\n\n<p>\u00fc Mantenir l&#8217;usuari identificat de manera que, si tanca una p\u00e0gina, el navegador o l&#8217;ordinador i en un altre moment o un altre dia torna a entrar en aquesta p\u00e0gina, seguir\u00e0 identificat, facilitant aix\u00ed la seva navegaci\u00f3 sense haver de tornar a identificar-se. Aquesta funcionalitat es pot suprimir si l&#8217;usuari prem la funcionalitat \u00abtancar sessi\u00f3\u00bb, de manera que aquesta cookie s&#8217;elimina i la propera vegada que entri a la p\u00e0gina l&#8217;usuari haur\u00e0 d&#8217;iniciar sessi\u00f3 per estar identificat.<\/p>\n\n\n\n<p>\u00fc Comprovar si l&#8217;usuari est\u00e0 autoritzat per accedir a certes p\u00e0gines, per exemple, per participar en un concurs.<\/p>\n\n\n\n<p>\u00fc Addicionalment, algunes p\u00e0gines poden utilitzar connectors amb xarxes socials com ara Facebook o Twitter. Quan l&#8217;usuari es registra en una p\u00e0gina amb credencials d&#8217;una xarxa social, autoritza a la xarxa social a guardar una cookie persistent que recorda la seva identitat i li garanteix acc\u00e9s a les p\u00e0gines fins que expira. L&#8217;usuari pot esborrar aquesta cookie i revocar l&#8217;acc\u00e9s a les p\u00e0gines mitjan\u00e7ant xarxes socials actualitzant les seves prefer\u00e8ncies a la xarxa social que espec\u00edfica.<\/p>\n\n\n\n<p>Cookies de Anal\u00edtiques: Cada vegada que un usuari visita una p\u00e0gina, una eina d&#8217;un prove\u00efdor extern (en el nostre cas Google Analytics) genera una cookie anal\u00edtica en l&#8217;ordinador de l&#8217;usuari. Aquesta cookie que nom\u00e9s es genera en la visita, servir\u00e0 en properes visites a les p\u00e0gines de www.clinicaginer.com per identificar de forma an\u00f2nima al visitant. Els objectius principals que es persegueixen s\u00f3n:<\/p>\n\n\n\n<p>\u00fc Permetre la identificaci\u00f3 an\u00f2nima dels usuaris navegants a trav\u00e9s de la \u00abcookie\u00bb (identifica navegadors i dispositius, no persones) i per tant la comptabilitzaci\u00f3 aproximada del nombre de visitants i la seva tend\u00e8ncia en el temps.<\/p>\n\n\n\n<p>\u00fc Identificar de forma an\u00f2nima els continguts m\u00e9s visitats i per tant m\u00e9s atractius per als usuaris.<\/p>\n\n\n\n<p>\u00fc Saber si l&#8217;usuari que est\u00e0 accedint \u00e9s nou o repeteix visita.<\/p>\n\n\n\n<p>Important: Llevat que l&#8217;usuari decideixi registrar-se al web de www.clinicaginer.com, la \u00abcookie\u00bb mai anir\u00e0 associada a cap dada de car\u00e0cter personal que pugui identificar-lo. Aquestes cookies nom\u00e9s seran utilitzades amb prop\u00f2sits estad\u00edstics que ajudin a l&#8217;optimitzaci\u00f3 de l&#8217;experi\u00e8ncia dels usuaris en el lloc.<\/p>\n\n\n\n<p>Altres galetes de tercers<\/p>\n\n\n\n<p>En algunes de les nostres p\u00e0gines es poden instal\u00b7lar cookies de tercers que permetin gestionar i millorar els serveis que aquests ofereixen. Un exemple d&#8217;aquest \u00fas s\u00f3n els enlla\u00e7os a les xarxes socials que permeten compartir els nostres continguts.<\/p>\n\n\n\n<p>Com puc configurar les meves prefer\u00e8ncies?<\/p>\n\n\n\n<p>Pot permetre, bloquejar o eliminar les cookies instal\u00b7lades en el seu equip mitjan\u00e7ant la configuraci\u00f3 de les opcions del seu navegador d&#8217;internet. En el cas en qu\u00e8 les bloquegi, \u00e9s possible que certs serveis que necessiten el seu \u00fas no estiguin disponibles per a vost\u00e8.<\/p>\n\n\n\n<p>Utilitzaci\u00f3 de Cookies<\/p>\n\n\n\n<p>Les galetes s\u00f3n fitxers enviats a un navegador per mitj\u00e0 d&#8217;un servidor web per registrar les activitats de l&#8217;usuari en un web determinada. La primera finalitat de les galetes \u00e9s la de facilitar a l&#8217;usuari un acc\u00e9s m\u00e9s r\u00e0pid a les p\u00e0gines seleccionades.<\/p>\n\n\n\n<p>El web www.clinicaginer.com utilitza galetes per personalitzar i facilitar al m\u00e0xim la navegaci\u00f3 de l&#8217;usuari. Les galetes s&#8217;associen \u00fanicament a un usuari an\u00f2nim i el seu ordinador i no proporcionen refer\u00e8ncies que permetin deduir dades personals de l&#8217;usuari. L&#8217;usuari podr\u00e0 configurar el seu navegador perqu\u00e8 notifiqui i rebutgi la instal\u00b7laci\u00f3 de les cookies enviades per la web de www.clinicaginer.com, sense que aix\u00f2 perjudiqui la possibilitat de l&#8217;usuari d&#8217;accedir als continguts. No obstant aix\u00f2, et fem notar que, en tot cas, la qualitat de funcionament de la p\u00e0gina web pot disminuir.<\/p>\n\n\n\n<p>Aix\u00ed mateix, el web de www.clinicaginer.com podr\u00e0 saber totes les p\u00e0gines visites pels usuaris, de manera que podr\u00e0 facilitar o oferir informaci\u00f3 adequada als gustos i prefer\u00e8ncies de cada usuari.<\/p>\n\n\n\n<p>Com desactivar les Cookies als principals navegadors<\/p>\n\n\n\n<p>Normalment \u00e9s possible deixar d&#8217;acceptar les cookies del navegador, o deixar d&#8217;acceptar les cookies d&#8217;una p\u00e0gina en particular.<\/p>\n\n\n\n<p>Tots els navegadors moderns permeten canviar la configuraci\u00f3 de cookies. Aquest ajust normalment es troba en les \u00abOpcions\u00bb o \u00abPrefer\u00e8ncies\u00bb del men\u00fa del seu navegador.<\/p>\n\n\n\n<p>El web de www.clinicaginer.com ofereixen orientaci\u00f3 a l&#8217;usuari sobre els passos per accedir al men\u00fa de configuraci\u00f3 de les cookies i, si escau, de la navegaci\u00f3 privada a cadascun dels navegadors principals:<\/p>\n\n\n\n<p>\u00fc Internet Explorer: Eines -&gt; Opcions d&#8217;Internet -&gt; Privacitat -&gt; Configuraci\u00f3.<\/p>\n\n\n\n<p>o Per a m\u00e9s informaci\u00f3, pot consultar el suport de Microsoft o l&#8217;Ajuda del navegador.<\/p>\n\n\n\n<p>\u00fc Firefox: Eines -&gt; Opcions -&gt; Privadesa -&gt; Hist\u00f2ric -&gt; Configuraci\u00f3 Personalitzada.<\/p>\n\n\n\n<p>o Per a m\u00e9s informaci\u00f3, podeu consultar el suport de Mozilla o l&#8217;Ajuda del navegador.<\/p>\n\n\n\n<p>\u00fc Chrome: Configuraci\u00f3 -&gt; Mostra opcions avan\u00e7ades -&gt; Privadesa -&gt; Configuraci\u00f3 de contingut.<\/p>\n\n\n\n<p>o Per a m\u00e9s informaci\u00f3, podeu consultar el suport de Google o l&#8217;Ajuda del navegador.<\/p>\n\n\n\n<p>\u00fc Safari: Prefer\u00e8ncies -&gt; Seguretat.<\/p>\n\n\n\n<p>o Per a m\u00e9s informaci\u00f3, pot consultar el suport d&#8217;Apple o l&#8217;Ajuda del navegador.<\/p>\n\n\n\n<p>Qu\u00e8 passa si es desactiven les Cookies<\/p>\n\n\n\n<p>Algunes funcionalitats de les p\u00e0gines quedaran desactivades com, per exemple, romandre identificat, rebre informaci\u00f3 adre\u00e7ada a la seva localitzaci\u00f3 o la visualitzaci\u00f3 d&#8217;alguns v\u00eddeos.<\/p>\n\n\n\n<p>Actualitzaci\u00f3 i canvis en la pol\u00edtica de Cookies<\/p>\n\n\n\n<p>El web de www.clinicaginer.com pot modificar aquesta Pol\u00edtica de Cookies en funci\u00f3 d&#8217;exig\u00e8ncies legislatives, reglament\u00e0ries, o amb la finalitat d&#8217;adaptar aquesta pol\u00edtica a les instruccions dictades per l&#8217;Ag\u00e8ncia Espanyola de Protecci\u00f3 de Dades, per aix\u00f2 s&#8217;aconsella als usuaris que la visitin peri\u00f2dicament.<\/p>\n\n\n\n<p>Quan es produeixin canvis significatius en aquesta Pol\u00edtica de Cookies, es comunicaran als usuaris mitjan\u00e7ant el web.<\/p>\n\n\n\n<p>Respecte de les galetes de tercers, \u00e9s a dir aquelles que s\u00f3n alienes al nostre lloc web, no podem fer-nos responsables de el contingut i veracitat de les pol\u00edtiques de privacitat que ells inclouen de manera que la informaci\u00f3 que li oferim \u00e9s sempre amb refer\u00e8ncia a la font.<\/p>\n\n\n\n<p>Pol\u00edtica de Privadesa<\/p>\n\n\n\n<p>Podeu llegir la nostra Pol\u00edtica de Privadesa per a m\u00e9s informaci\u00f3 sobre el tractament de dades personals a la nostra p\u00e0gina web.<\/p>\n\n\n\n<p>Contacte<\/p>\n\n\n\n<p>Si tingu\u00e9ssiu algun dubte, comentari o suggeriment sobre la Pol\u00edtica de Cookies, podeu contactar amb el nostre Delegat de Protecci\u00f3 de Dades a trav\u00e9s de la seg\u00fcent adre\u00e7a de correu electr\u00f2nic: dpo@audiconsecurity.com.<\/p>\n\n\n\n<p>Per a m\u00e9s informaci\u00f3 sobre cookies i els seus drets com a usuaris podeu consultar la Guia sobre l&#8217;\u00fas de cookies elaborada per l&#8217;Ag\u00e8ncia Espanyola de Protecci\u00f3 de Dades (AEPD).<\/p>\n\n\n\n<p>Cl\u00ednica Giner pot modificar aquesta Pol\u00edtica de Cookies en funci\u00f3 de les exig\u00e8ncies legislatives o amb la finalitat d&#8217;adaptar aquesta pol\u00edtica a les instruccions dictades per l&#8217;Ag\u00e8ncia Espanyola de Protecci\u00f3 de Dades.<\/p>\n\n\n\n<div style=\"color:#ddd\" class=\"wp-block-genesis-blocks-gb-spacer gb-block-spacer gb-divider-solid gb-divider-size-1\"><hr style=\"height:30px\"\/><\/div>\n\n\n\n<div style=\"height:50px\" aria-hidden=\"true\" class=\"wp-block-spacer\"><\/div>\n\n\n\n<footer class=\"wp-block-cover alignfull is-light\" style=\"min-height:255px;aspect-ratio:unset;\"><span aria-hidden=\"true\" class=\"wp-block-cover__background has-background-dim-70 has-background-dim\" style=\"background-color:#ddcfb8\"><\/span><img loading=\"lazy\" decoding=\"async\" width=\"2292\" height=\"624\" class=\"wp-block-cover__image-background wp-image-75\" alt=\"\" src=\"https:\/\/clinicaginer.com\/wp-content\/uploads\/2024\/12\/wood.webp\" data-object-fit=\"cover\" srcset=\"https:\/\/clinicaginer.com\/wp-content\/uploads\/2024\/12\/wood.webp 2292w, https:\/\/clinicaginer.com\/wp-content\/uploads\/2024\/12\/wood-300x82.webp 300w, https:\/\/clinicaginer.com\/wp-content\/uploads\/2024\/12\/wood-1024x279.webp 1024w, https:\/\/clinicaginer.com\/wp-content\/uploads\/2024\/12\/wood-768x209.webp 768w, https:\/\/clinicaginer.com\/wp-content\/uploads\/2024\/12\/wood-1536x418.webp 1536w, https:\/\/clinicaginer.com\/wp-content\/uploads\/2024\/12\/wood-2048x558.webp 2048w\" sizes=\"auto, (max-width: 2292px) 100vw, 2292px\" \/><div class=\"wp-block-cover__inner-container is-layout-constrained wp-block-cover-is-layout-constrained\">\n<div class=\"wp-block-genesis-blocks-gb-columns gb-layout-columns-3 gb-3-col-wideleft\"><div class=\"gb-layout-column-wrap gb-block-layout-column-gap-2 gb-is-responsive-column\">\n<div class=\"wp-block-genesis-blocks-gb-column gb-block-layout-column gb-is-vertically-aligned-center\"><div class=\"gb-block-layout-column-inner\"><div class=\"wp-block-image\">\n<figure class=\"aligncenter size-large is-resized\"><img loading=\"lazy\" decoding=\"async\" width=\"1024\" height=\"286\" src=\"https:\/\/clinicaginer.com\/wp-content\/uploads\/2024\/12\/GinesLogo-18-1024x286.png\" alt=\"\" class=\"wp-image-46\" style=\"width:auto;height:150px\" srcset=\"https:\/\/clinicaginer.com\/wp-content\/uploads\/2024\/12\/GinesLogo-18-1024x286.png 1024w, https:\/\/clinicaginer.com\/wp-content\/uploads\/2024\/12\/GinesLogo-18-300x84.png 300w, https:\/\/clinicaginer.com\/wp-content\/uploads\/2024\/12\/GinesLogo-18-768x214.png 768w, https:\/\/clinicaginer.com\/wp-content\/uploads\/2024\/12\/GinesLogo-18-1536x429.png 1536w, https:\/\/clinicaginer.com\/wp-content\/uploads\/2024\/12\/GinesLogo-18-2048x572.png 2048w\" sizes=\"auto, (max-width: 1024px) 100vw, 1024px\" \/><\/figure>\n<\/div><\/div><\/div>\n\n\n\n<div class=\"wp-block-genesis-blocks-gb-column gb-block-layout-column\"><div class=\"gb-block-layout-column-inner\">\n<p class=\"has-text-align-right has-text-color has-link-color wp-elements-5a1faba0f18fb07c73a74c9f542f8c04\" style=\"color:#ffffff\">Centre de podologia autoritzat pel <\/p>\n\n\n\n<p class=\"has-text-align-right has-text-color has-link-color wp-elements-fd7cbf7583cf832761a363c385f6d6df\" style=\"color:#ffffff\">Departament de Salut. <\/p>\n\n\n\n<p class=\"has-text-align-right has-text-color has-link-color wp-elements-1db12bef7acc557c2b80dc90454771e2\" style=\"color:#ffffff\">N\u00fam. de registre: <strong>E08726522<\/strong>.<\/p>\n<\/div><\/div>\n\n\n\n<div class=\"wp-block-genesis-blocks-gb-column gb-block-layout-column\"><div class=\"gb-block-layout-column-inner\">\n<p><\/p>\n<\/div><\/div>\n<\/div><\/div>\n\n\n\n<div class=\"wp-block-genesis-blocks-gb-columns gb-layout-columns-3 gb-3-col-widecenter\"><div class=\"gb-layout-column-wrap gb-block-layout-column-gap-2 gb-is-responsive-column\">\n<div class=\"wp-block-genesis-blocks-gb-column gb-block-layout-column\"><div class=\"gb-block-layout-column-inner\">\n<p><\/p>\n<\/div><\/div>\n\n\n\n<div class=\"wp-block-genesis-blocks-gb-column gb-block-layout-column\"><div class=\"gb-block-layout-column-inner\">\n<p class=\"has-text-align-center has-small-font-size\"><a href=\"https:\/\/clinicaginer.com\/index.php\/avis-legal\/\" data-type=\"page\" data-id=\"421\">Av\u00eds Legal<\/a> <a href=\"https:\/\/clinicaginer.com\/index.php\/privacy-policy\/\" data-type=\"page\" data-id=\"3\">Pol\u00edtica de Privacitat<\/a> <a href=\"https:\/\/clinicaginer.com\/index.php\/politica-de-privacitat-xarxes-socials\/\" data-type=\"page\" data-id=\"423\">Pol\u00edtica de privacitat xarxes socials<\/a> <a href=\"https:\/\/clinicaginer.com\/index.php\/politica-de-cookies\/\" data-type=\"page\" data-id=\"422\">Pol\u00edtica de Cookies<\/a><\/p>\n<\/div><\/div>\n\n\n\n<div class=\"wp-block-genesis-blocks-gb-column gb-block-layout-column\"><div class=\"gb-block-layout-column-inner\">\n<p><\/p>\n<\/div><\/div>\n<\/div><\/div>\n<\/div><\/footer>\n","protected":false},"excerpt":{"rendered":"<p>Cl\u00ednica Giner Responsable: Cl\u00ednica Giner Delegat de Protecci\u00f3 de Dades: dpo@audiconsecurity.com En compliment de la Llei 34\/2002, de 11 de juliol, de serveis de la societat de la informaci\u00f3 i de comer\u00e7 electr\u00f2nic (LSSICE), en relaci\u00f3 amb el Reglament (UE) 2016\/679 del Parlament Europeu i del Consell, de 27 d&#8217;abril del 2016, (d&#8217;ara endavant, RGPD) [&hellip;]<\/p>\n","protected":false},"author":2,"featured_media":0,"parent":0,"menu_order":0,"comment_status":"closed","ping_status":"open","template":"","meta":{"_genesis_hide_title":true,"_genesis_hide_breadcrumbs":false,"_genesis_hide_singular_image":false,"_genesis_hide_footer_widgets":false,"_genesis_custom_body_class":"","_genesis_custom_post_class":"","_genesis_layout":"full-width-content","footnotes":""},"class_list":{"0":"post-422","1":"page","2":"type-page","3":"status-publish","5":"entry"},"featured_image_src":null,"featured_image_src_square":null,"_links":{"self":[{"href":"https:\/\/clinicaginer.com\/index.php\/wp-json\/wp\/v2\/pages\/422","targetHints":{"allow":["GET"]}}],"collection":[{"href":"https:\/\/clinicaginer.com\/index.php\/wp-json\/wp\/v2\/pages"}],"about":[{"href":"https:\/\/clinicaginer.com\/index.php\/wp-json\/wp\/v2\/types\/page"}],"author":[{"embeddable":true,"href":"https:\/\/clinicaginer.com\/index.php\/wp-json\/wp\/v2\/users\/2"}],"replies":[{"embeddable":true,"href":"https:\/\/clinicaginer.com\/index.php\/wp-json\/wp\/v2\/comments?post=422"}],"version-history":[{"count":1,"href":"https:\/\/clinicaginer.com\/index.php\/wp-json\/wp\/v2\/pages\/422\/revisions"}],"predecessor-version":[{"id":426,"href":"https:\/\/clinicaginer.com\/index.php\/wp-json\/wp\/v2\/pages\/422\/revisions\/426"}],"wp:attachment":[{"href":"https:\/\/clinicaginer.com\/index.php\/wp-json\/wp\/v2\/media?parent=422"}],"curies":[{"name":"wp","href":"https:\/\/api.w.org\/{rel}","templated":true}]}}