{"id":423,"date":"2025-03-24T23:13:46","date_gmt":"2025-03-24T23:13:46","guid":{"rendered":"https:\/\/clinicaginer.com\/?page_id=423"},"modified":"2025-03-24T23:13:46","modified_gmt":"2025-03-24T23:13:46","slug":"politica-de-privacitat-xarxes-socials","status":"publish","type":"page","link":"https:\/\/clinicaginer.com\/index.php\/politica-de-privacitat-xarxes-socials\/","title":{"rendered":"Pol\u00edtica de privacitat xarxes socials"},"content":{"rendered":"\n<h2 class=\"wp-block-heading\">Pol\u00edtica de privacitat xarxes socials<\/h2>\n\n\n\n<p>En compliment de la Llei Org\u00e0nica 3\/2018 LOPD-GDD de Protecci\u00f3 de Dades Personals i garantia e Drets Digitals, Reglament Europeo 2016\/679, de protecci\u00f3 de dades de car\u00e0cter personal (RGPD) i la Llei 34\/2002, d&#8217;11 juliol, de Serveis de la Societat de la Informaci\u00f3 i de Comer\u00e7 Electr\u00f2nic (LSSICE), Cl\u00ednica Giner informa als Usuaris, que s&#8217;ha procedit a crear un perfil a les xarxes socials Facebook, X i Youtube amb la finalitat principal de donar informaci\u00f3 i publicitar els seus productes i serveis.<\/p>\n\n\n\n<p>Cl\u00ednica Giner<\/p>\n\n\n\n<p>Barcelona, 26-28 08911 Badalona Barcelona<\/p>\n\n\n\n<p>www.clinicaginer.com<\/p>\n\n\n\n<p>podologia.giner@gmail.com<\/p>\n\n\n\n<p>L&#8217;Usuari disposa d&#8217;un perfil a la mateixa Xarxa Social i ha decidit unir-se a la p\u00e0gina creada per Cl\u00ednica Giner, mostrant aix\u00ed inter\u00e8s en la informaci\u00f3 que es publiciti a la Xarxa. En unir-se a la nostra p\u00e0gina, ens facilita el seu consentiment per al tractament de les dades personals publicades en el seu perfil.<\/p>\n\n\n\n<p>L&#8217;usuari pot accedir en tot moment a les pol\u00edtiques de privacitat de la pr\u00f2pia Xarxa Social, aix\u00ed com configurar el seu perfil per garantir la seva privacitat.<\/p>\n\n\n\n<p>Cl\u00ednica Giner tracta la informaci\u00f3 p\u00fablica de l&#8217;Usuari, especialment, el seu nom de contacte. Aquestes dades nom\u00e9s s\u00f3n utilitzats dins de la pr\u00f2pia Xarxa Social i no s\u00f3n incorporades a cap fitxer.<\/p>\n\n\n\n<p>En relaci\u00f3 als drets d&#8217;acc\u00e9s, rectificaci\u00f3, cancel\u00b7laci\u00f3 i oposici\u00f3, dels quals vost\u00e8 disposa i que poden ser exercits davant Cl\u00ednica Giner, ha de tenir en compte els seg\u00fcents matisos:<\/p>\n\n\n\n<p>\u2022 Dret d&#8217;Acc\u00e9s: \u00c9s el dret de l&#8217;Usuari a obtenir informaci\u00f3 sobre les seves dades concretes de car\u00e0cter personal i de tractament que Cl\u00ednica Giner hagi realitzat o realitzi, aix\u00ed com de la informaci\u00f3 disponible sobre l&#8217;origen d&#8217;aquestes dades i les comunicacions realitzades o previstes dels mateixos. Aquest dret vindr\u00e0 definit per la funcionalitat de la Xarxa Social i la capacitat d&#8217;acc\u00e9s a la informaci\u00f3 dels perfils dels Usuaris.<\/p>\n\n\n\n<p>\u2022 Dret de Rectificaci\u00f3: \u00c9s el dret de l&#8217;afectat a qu\u00e8 es modifiquin les dades que resultin ser inexactes o incompletes. Nom\u00e9s podr\u00e0 satisfer-se en relaci\u00f3 a la informaci\u00f3 que es trobi sota el control de Cl\u00ednica Giner (Per exemple, eliminar comentaris publicats en el propi perfil). Normalment, aquest dret ha d&#8217;exercir davant la Xarxa Social.<\/p>\n\n\n\n<p>\u2022 Dret de Cancel\u00b7laci\u00f3: \u00c9s el dret a suprimir les dades de car\u00e0cter personal de l&#8217;Usuari, a excepci\u00f3 del que preveu altres lleis aplicables que determinin l&#8217;obligatorietat de la conservaci\u00f3 dels mateixos, en temps i forma. Dit dret es podr\u00e0 exercir, per exemple, mitjan\u00e7ant la desvinculaci\u00f3 del perfil a qu\u00e8 es troba unit.<\/p>\n\n\n\n<p>\u2022 Dret d&#8217;oposici\u00f3: \u00c9s el dret de l&#8217;Usuari a que no es dugui a terme el tractament de les seves dades de car\u00e0cter personal o se cessi el tractament dels mateixos per part de Cl\u00ednica Giner. Com en el dret de cancel\u00b7laci\u00f3, podr\u00e0 exercir, per exemple, mitjan\u00e7ant la desvinculaci\u00f3 del perfil a qu\u00e8 es troba unit.<\/p>\n\n\n\n<p>. Dret a la Limitaci\u00f3. L&#8217;interessat pot sol\u00b7licitar l&#8217;exercici del seu dret a limitar el tractament de les seves dades en els casos en qu\u00e8:<\/p>\n\n\n\n<p>\u00fc L&#8217;Interessat impugni l&#8217;exactitud de les dades.<\/p>\n\n\n\n<p>\u00fc Quan les dades recollides no es necessitin per als fins del tractament per\u00f2 si siguin necessaris per al reconeixement, exercici o defensa d&#8217;un procediment judicial.<\/p>\n\n\n\n<p>\u00fc Quan l&#8217;Interessat s&#8217;oposi a el tractament mentre es verifica si prevalen els motius leg\u00edtims del responsable del Tractament als de l&#8217;Interessat.<\/p>\n\n\n\n<p>. Dret a la Portabilitat. El Interessat t\u00e9 dret a rebre les seves dades personals, per part del Responsable de Tractament a qu\u00e8 pr\u00e8viament li hagi fet lliurament dels mateixos, en un format estructurat, d&#8217;\u00fas habitual i de lectura mec\u00e0nica, amb l&#8217;objectiu de transmetre&#8217;ls a un altre Responsable, sense que ho impedeixi el responsable de Tractament a qu\u00e8 li hagu\u00e9s facilitat les dades pr\u00e8viament. Al seu torn, l&#8217;interessat en l&#8217;exercici del seu dret a la portabilitat, pot sol\u00b7licitar que les seves dades es transmetin directament al Responsable a Responsable.<\/p>\n\n\n\n<p>. Dret a la Supressi\u00f3 i a l&#8217;Oblit. El Interessat t\u00e9 dret a la supressi\u00f3 de les seves dades personals quan:<\/p>\n\n\n\n<p>\u00fc Aquests no siguin necessaris per al fi pel qual van ser recollides<\/p>\n\n\n\n<p>\u00fc Hi hagi retirat el consentiment i no hi hagi fonament jur\u00eddic que indiqui el contrari.<\/p>\n\n\n\n<p>\u00fc S&#8217;hagi exercit el seu dret d&#8217;oposici\u00f3 a el tractament de les seves dades i no prevalguin motius leg\u00edtims per a aquest tractament.<\/p>\n\n\n\n<p>\u00fc Les dades siguin tractades de manera l\u00edcita o hagin de suprimir-se per una obligaci\u00f3 jur\u00eddica a la qual estigui subjecte el Responsable de Tractament.<\/p>\n\n\n\n<p>\u00fc Les dades s&#8217;hagin obtingut mitjan\u00e7ant una relaci\u00f3 amb l&#8217;oferta de serveis de la Societat de la Informaci\u00f3.<\/p>\n\n\n\n<p>Per poder exercir qualsevol dels drets descrits anteriorment ha de complir els requisits seg\u00fcents:<\/p>\n\n\n\n<p>1. Presentaci\u00f3 d&#8217;un escrit dirigit a Cl\u00ednica Giner, a l&#8217;adre\u00e7a Barcelona, 26-28, 08911, Badalona, Barcelona o b\u00e9 per correu electr\u00f2nic a podologia.giner@gmail.com.<\/p>\n\n\n\n<p>2. L&#8217;escrit rem\u00e8s pel titular de les dades que sol\u00b7liciti l&#8217;exercici ha de complir els requisits legals:<\/p>\n\n\n\n<p>o Nom, cognoms de l&#8217;interessat i c\u00f2pia del DNI. En els excepcionals casos en qu\u00e8 s&#8217;admeti la representaci\u00f3, ser\u00e0 tamb\u00e9 necess\u00e0ria la identificaci\u00f3 pel mateix mitj\u00e0 de la persona que el representa, aix\u00ed com el document acreditatiu de la representaci\u00f3. La fotoc\u00f2pia del DNI podr\u00e0 ser substitu\u00efda sempre que s&#8217;acrediti la identitat per qualsevol altre mitj\u00e0 v\u00e0lid en dret.<\/p>\n\n\n\n<p>o Petici\u00f3 en qu\u00e8 es concreta la sol\u00b7licitud. Si no fa refer\u00e8ncia a un arxiu concret se li facilitar\u00e0 tota la informaci\u00f3 que es tingui amb les seves dades de car\u00e0cter personal. Si sol\u00b7licita informaci\u00f3 d&#8217;un arxiu en concret, nom\u00e9s la informaci\u00f3 d&#8217;aquest fitxer. Si sol\u00b7licita informaci\u00f3 relativa a un tercer mai es podr\u00e0 facilitar. Si ho sol\u00b7licita per tel\u00e8fon se li indicar\u00e0 que ho faci per escrit i se li informar\u00e0 de com ho pot fer i la direcci\u00f3 a la qual l&#8217;ha de trametre.<\/p>\n\n\n\n<p>o Domicili a efectes de notificacions.<\/p>\n\n\n\n<p>o Data i signatura del signatari<\/p>\n\n\n\n<p>3. Documents acreditatius de la petici\u00f3 que es formula.<\/p>\n\n\n\n<p>4. L&#8217;interessat ha d&#8217;utilitzar qualsevol mitj\u00e0 que permeti acreditar l&#8217;enviament i la recepci\u00f3 de la sol\u00b7licitud.<\/p>\n\n\n\n<p>Utilitzaci\u00f3 del perfil<\/p>\n\n\n\n<p>Cl\u00ednica Giner realitzar\u00e0 les seg\u00fcents actuacions:<\/p>\n\n\n\n<p>\u00fc Acc\u00e9s a la informaci\u00f3 p\u00fablica del perfil.<\/p>\n\n\n\n<p>\u00fc Publicaci\u00f3 en el perfil de l&#8217;Usuari de tota aquella informaci\u00f3 ja publicada a la p\u00e0gina de Cl\u00ednica Giner.<\/p>\n\n\n\n<p>\u00fc Enviar missatges personals i individuals a trav\u00e9s dels canals de la Xarxa Social.<\/p>\n\n\n\n<p>\u00fc Actualitzacions de l&#8217;estat de la p\u00e0gina que es publicaran en el perfil de l&#8217;Usuari.<\/p>\n\n\n\n<p>L&#8217;usuari sempre pot controlar les seves connexions, eliminar els continguts que deixin d&#8217;interessar i restringir amb qui comparteix les seves connexions; per aix\u00f2 haur\u00e0 d&#8217;accedir a la seva configuraci\u00f3 de privacitat.<\/p>\n\n\n\n<p>Publicacions L&#8217;Usuari, un cop unit a la p\u00e0gina de Cl\u00ednica Giner, podr\u00e0 publicar en aquesta \u00faltima, comentaris, enlla\u00e7os, imatges o fotografies o qualsevol altre tipus de contingut multim\u00e8dia suportat per la Xarxa Social. L&#8217;usuari, en tots els casos, ha de ser el titular dels mateixos, gaudir dels drets d&#8217;autor i de propietat intel\u00b7lectual o comptar amb el consentiment dels tercers afectats. Es prohibeix expressament qualsevol publicaci\u00f3 en la p\u00e0gina, ja siguin textos, gr\u00e0fics, fotografies, v\u00eddeos, etc. que atemptin o siguin susceptibles d&#8217;atemptar contra la moral, l&#8217;\u00e8tica, el bon gust o el dec\u00f2rum, i \/ o que infringeixin, violin o infringeixin els drets de propietat intel\u00b7lectual o industrial, el dret a la imatge o la Llei. En aquests casos, Cl\u00ednica Giner es reserva el dret a retirar immediatament el contingut, podent sol\u00b7licitar el bloqueig permanent de l&#8217;Usuari.<\/p>\n\n\n\n<p>Cl\u00ednica Giner no es far\u00e0 responsable dels continguts que lliurement ha publicat un Usuari.<\/p>\n\n\n\n<p>L&#8217;Usuari ha de tenir present que les seves publicacions seran conegudes pels altres usuaris, de manera que aix\u00ed mateix \u00e9s el principal responsable de la seva privacitat.<\/p>\n\n\n\n<p>Les imatges que es puguin publicar a la p\u00e0gina no seran enregistrades a cap fitxer per part de Cl\u00ednica Giner per\u00f2 s\u00ed romandran a la Xarxa Social.<\/p>\n\n\n\n<p>Concursos i promocions<\/p>\n\n\n\n<p>Cl\u00ednica Giner es reserva el dret a realitzar concursos i promocions, en els quals podr\u00e0 participar l&#8217;Usuari unit a la seva p\u00e0gina. Les bases de cada un d&#8217;ells, quan s&#8217;utilitzi per a aix\u00f2 la plataforma de la Xarxa Social, seran publicades en la mateixa, complint sempre amb la LSSICE i amb qualsevol altra norma que li sigui d&#8217;aplicaci\u00f3.<\/p>\n\n\n\n<p>La Xarxa Social no patrocina, avala ni administra, de cap manera, cap de les nostres promocions, ni est\u00e0 associada a cap d&#8217;elles.<\/p>\n\n\n\n<p>Publicitat Cl\u00ednica Giner utilitzar\u00e0 la Xarxa Social per publicitar els seus productes i serveis. En tot cas, si decideix tractar les seves dades de contacte per a realitzar accions directes de prospecci\u00f3 comercial, ser\u00e0 sempre complint amb les exig\u00e8ncies legals del RGPD i de la LSSICE.<\/p>\n\n\n\n<p>No es considera publicitat el fet de recomanar a altres Usuaris la p\u00e0gina de Cl\u00ednica Giner que tamb\u00e9 ells puguin gaudir de les promocions o estar informats de la seva activitat.<\/p>\n\n\n\n<p>A continuaci\u00f3 detallem l&#8217;enlla\u00e7 a la pol\u00edtica de privacitat de les diferents Xarxes Socials: Facebook: https:\/\/www.facebook.com\/help\/323540651073243 Twitter: https:\/\/twitter.com\/privacy YouTube: http:\/\/www.youtube.com\/yt\/policyandsafety\/es\/<\/p>\n\n\n\n<div style=\"color:#ddd\" class=\"wp-block-genesis-blocks-gb-spacer gb-block-spacer gb-divider-solid gb-divider-size-1\"><hr style=\"height:30px\"\/><\/div>\n\n\n\n<div style=\"height:50px\" aria-hidden=\"true\" class=\"wp-block-spacer\"><\/div>\n\n\n\n<footer class=\"wp-block-cover alignfull is-light\" style=\"min-height:255px;aspect-ratio:unset;\"><span aria-hidden=\"true\" class=\"wp-block-cover__background has-background-dim-70 has-background-dim\" style=\"background-color:#ddcfb8\"><\/span><img loading=\"lazy\" decoding=\"async\" width=\"2292\" height=\"624\" class=\"wp-block-cover__image-background wp-image-75\" alt=\"\" src=\"https:\/\/clinicaginer.com\/wp-content\/uploads\/2024\/12\/wood.webp\" data-object-fit=\"cover\" srcset=\"https:\/\/clinicaginer.com\/wp-content\/uploads\/2024\/12\/wood.webp 2292w, https:\/\/clinicaginer.com\/wp-content\/uploads\/2024\/12\/wood-300x82.webp 300w, https:\/\/clinicaginer.com\/wp-content\/uploads\/2024\/12\/wood-1024x279.webp 1024w, https:\/\/clinicaginer.com\/wp-content\/uploads\/2024\/12\/wood-768x209.webp 768w, https:\/\/clinicaginer.com\/wp-content\/uploads\/2024\/12\/wood-1536x418.webp 1536w, https:\/\/clinicaginer.com\/wp-content\/uploads\/2024\/12\/wood-2048x558.webp 2048w\" sizes=\"auto, (max-width: 2292px) 100vw, 2292px\" \/><div class=\"wp-block-cover__inner-container is-layout-constrained wp-block-cover-is-layout-constrained\">\n<div class=\"wp-block-genesis-blocks-gb-columns gb-layout-columns-3 gb-3-col-wideleft\"><div class=\"gb-layout-column-wrap gb-block-layout-column-gap-2 gb-is-responsive-column\">\n<div class=\"wp-block-genesis-blocks-gb-column gb-block-layout-column gb-is-vertically-aligned-center\"><div class=\"gb-block-layout-column-inner\"><div class=\"wp-block-image\">\n<figure class=\"aligncenter size-large is-resized\"><img loading=\"lazy\" decoding=\"async\" width=\"1024\" height=\"286\" src=\"https:\/\/clinicaginer.com\/wp-content\/uploads\/2024\/12\/GinesLogo-18-1024x286.png\" alt=\"\" class=\"wp-image-46\" style=\"width:auto;height:150px\" srcset=\"https:\/\/clinicaginer.com\/wp-content\/uploads\/2024\/12\/GinesLogo-18-1024x286.png 1024w, https:\/\/clinicaginer.com\/wp-content\/uploads\/2024\/12\/GinesLogo-18-300x84.png 300w, https:\/\/clinicaginer.com\/wp-content\/uploads\/2024\/12\/GinesLogo-18-768x214.png 768w, https:\/\/clinicaginer.com\/wp-content\/uploads\/2024\/12\/GinesLogo-18-1536x429.png 1536w, https:\/\/clinicaginer.com\/wp-content\/uploads\/2024\/12\/GinesLogo-18-2048x572.png 2048w\" sizes=\"auto, (max-width: 1024px) 100vw, 1024px\" \/><\/figure>\n<\/div><\/div><\/div>\n\n\n\n<div class=\"wp-block-genesis-blocks-gb-column gb-block-layout-column\"><div class=\"gb-block-layout-column-inner\">\n<p class=\"has-text-align-right has-text-color has-link-color wp-elements-5a1faba0f18fb07c73a74c9f542f8c04\" style=\"color:#ffffff\">Centre de podologia autoritzat pel <\/p>\n\n\n\n<p class=\"has-text-align-right has-text-color has-link-color wp-elements-fd7cbf7583cf832761a363c385f6d6df\" style=\"color:#ffffff\">Departament de Salut. <\/p>\n\n\n\n<p class=\"has-text-align-right has-text-color has-link-color wp-elements-1db12bef7acc557c2b80dc90454771e2\" style=\"color:#ffffff\">N\u00fam. de registre: <strong>E08726522<\/strong>.<\/p>\n<\/div><\/div>\n\n\n\n<div class=\"wp-block-genesis-blocks-gb-column gb-block-layout-column\"><div class=\"gb-block-layout-column-inner\">\n<p><\/p>\n<\/div><\/div>\n<\/div><\/div>\n\n\n\n<div class=\"wp-block-genesis-blocks-gb-columns gb-layout-columns-3 gb-3-col-widecenter\"><div class=\"gb-layout-column-wrap gb-block-layout-column-gap-2 gb-is-responsive-column\">\n<div class=\"wp-block-genesis-blocks-gb-column gb-block-layout-column\"><div class=\"gb-block-layout-column-inner\">\n<p><\/p>\n<\/div><\/div>\n\n\n\n<div class=\"wp-block-genesis-blocks-gb-column gb-block-layout-column\"><div class=\"gb-block-layout-column-inner\">\n<p class=\"has-text-align-center has-small-font-size\"><a href=\"https:\/\/clinicaginer.com\/index.php\/avis-legal\/\" data-type=\"page\" data-id=\"421\">Av\u00eds Legal<\/a> <a href=\"https:\/\/clinicaginer.com\/index.php\/privacy-policy\/\" data-type=\"page\" data-id=\"3\">Pol\u00edtica de Privacitat<\/a> <a href=\"https:\/\/clinicaginer.com\/index.php\/politica-de-privacitat-xarxes-socials\/\" data-type=\"page\" data-id=\"423\">Pol\u00edtica de privacitat xarxes socials<\/a> <a href=\"https:\/\/clinicaginer.com\/index.php\/politica-de-cookies\/\" data-type=\"page\" data-id=\"422\">Pol\u00edtica de Cookies<\/a><\/p>\n<\/div><\/div>\n\n\n\n<div class=\"wp-block-genesis-blocks-gb-column gb-block-layout-column\"><div class=\"gb-block-layout-column-inner\">\n<p><\/p>\n<\/div><\/div>\n<\/div><\/div>\n<\/div><\/footer>\n","protected":false},"excerpt":{"rendered":"<p>Pol\u00edtica de privacitat xarxes socials En compliment de la Llei Org\u00e0nica 3\/2018 LOPD-GDD de Protecci\u00f3 de Dades Personals i garantia e Drets Digitals, Reglament Europeo 2016\/679, de protecci\u00f3 de dades de car\u00e0cter personal (RGPD) i la Llei 34\/2002, d&#8217;11 juliol, de Serveis de la Societat de la Informaci\u00f3 i de Comer\u00e7 Electr\u00f2nic (LSSICE), Cl\u00ednica Giner [&hellip;]<\/p>\n","protected":false},"author":2,"featured_media":0,"parent":0,"menu_order":0,"comment_status":"closed","ping_status":"open","template":"","meta":{"_genesis_hide_title":true,"_genesis_hide_breadcrumbs":false,"_genesis_hide_singular_image":false,"_genesis_hide_footer_widgets":false,"_genesis_custom_body_class":"","_genesis_custom_post_class":"","_genesis_layout":"full-width-content","footnotes":""},"class_list":{"0":"post-423","1":"page","2":"type-page","3":"status-publish","5":"entry"},"featured_image_src":null,"featured_image_src_square":null,"_links":{"self":[{"href":"https:\/\/clinicaginer.com\/index.php\/wp-json\/wp\/v2\/pages\/423","targetHints":{"allow":["GET"]}}],"collection":[{"href":"https:\/\/clinicaginer.com\/index.php\/wp-json\/wp\/v2\/pages"}],"about":[{"href":"https:\/\/clinicaginer.com\/index.php\/wp-json\/wp\/v2\/types\/page"}],"author":[{"embeddable":true,"href":"https:\/\/clinicaginer.com\/index.php\/wp-json\/wp\/v2\/users\/2"}],"replies":[{"embeddable":true,"href":"https:\/\/clinicaginer.com\/index.php\/wp-json\/wp\/v2\/comments?post=423"}],"version-history":[{"count":1,"href":"https:\/\/clinicaginer.com\/index.php\/wp-json\/wp\/v2\/pages\/423\/revisions"}],"predecessor-version":[{"id":427,"href":"https:\/\/clinicaginer.com\/index.php\/wp-json\/wp\/v2\/pages\/423\/revisions\/427"}],"wp:attachment":[{"href":"https:\/\/clinicaginer.com\/index.php\/wp-json\/wp\/v2\/media?parent=423"}],"curies":[{"name":"wp","href":"https:\/\/api.w.org\/{rel}","templated":true}]}}